46c?
4472
In base 12, what is -818 - 377?
-b93
In base 10, what is 2 + 4020?
4022
In base 13, what is 2 + 1106a?
1106c
In base 7, what is 101232 - -611?
102143
In base 9, what is 0 + 108543?
108543
In base 9, what is -3133 + -276?
-3420
In base 4, what is -3013102 + -11?
-3013113
In base 15, what is -453 + b?
-447
In base 3, what is -2120 - -1010120201?
1010111011
In base 8, what is -2673 + 164?
-2507
In base 9, what is -2222450 + -5?
-2222455
In base 3, what is 111201022 + -1011?
111200011
In base 6, what is -15 - -245120?
245101
In base 8, what is 1 + 3162254?
3162255
In base 11, what is -5745 - -2?
-5743
In base 10, what is 13815 + -4?
13811
In base 16, what is -36cec - 0?
-36cec
In base 12, what is -1145137 - 0?
-1145137
In base 12, what is -43 - 744?
-787
In base 11, what is 1a4 + 28?
221
In base 2, what is 111001110001101011 + -101?
111001110001100110
In base 14, what is 8762 - -4?
8766
In base 11, what is -5 + 72964?
7295a
In base 6, what is -2233330 - 5?
-2233335
In base 14, what is -1 + 351d?
351c
In base 2, what is -1 + 111001101000000?
111001100111111
In base 14, what is 36 - 7b?
-45
In base 12, what is 4 - -4365?
4369
In base 12, what is -713 - 620?
-1133
In base 11, what is -33 - -3194?
3161
In base 4, what is -20003 - -300?
-13103
In base 10, what is 104 - -958?
1062
In base 13, what is b52c5 - 3?
b52c2
In base 12, what is 16a + -123?
47
In base 3, what is -1202100111210 + 12?
-1202100111121
In base 10, what is -493 - -10?
-483
In base 8, what is 3 + -14607?
-14604
In base 8, what is 1145 + -666?
257
In base 4, what is 120 - -232312223?
232313003
In base 5, what is 134304 - 10?
134244
In base 2, what is -10100100101111100010 + 0?
-10100100101111100010
In base 14, what is 17 + -771?
-758
In base 16, what is b - 23e5?
-23da
In base 9, what is -712264 - -6?
-712257
In base 11, what is 3 + -36714?
-36711
In base 8, what is 4250 + 1155?
5425
In base 14, what is -2 + -1038?
-103a
In base 6, what is -1014 - -103345?
102331
In base 5, what is 1 + -1043244?
-1043243
In base 10, what is -175 - -9?
-166
In base 10, what is 7 - -196893?
196900
In base 12, what is -1755 + -96?
-182b
In base 10, what is -370918 - 0?
-370918
In base 8, what is 70455 + 2?
70457
In base 3, what is -20201212 + 2?
-20201210
In base 3, what is -1200000021 + 1000?
-1122222021
In base 2, what is -101 + 10101010111?
10101010010
In base 16, what is -b1 + 21?
-90
In base 11, what is 77 + -1248?
-1181
In base 4, what is 3203331 + 101?
3210032
In base 6, what is 24402 - -1?
24403
In base 16, what is -38 + -f9f?
-fd7
In base 7, what is 22531 - -536?
23400
In base 3, what is -2101111 + 2?
-2101102
In base 5, what is -1101 + -2134?
-3240
In base 8, what is -1 + 103044?
103043
In base 9, what is -4 - -20736?
20732
In base 2, what is 11010 - -10101000111100?
10101001010110
In base 14, what is 1c - -103d?
105b
In base 14, what is 3167 - 1?
3166
In base 3, what is 102 + -1111?
-1002
In base 4, what is -2020221 + 2120?
-2012101
In base 15, what is ba1d - 3?
ba1a
In base 8, what is 223565 - -4?
223571
In base 12, what is -17209 - -4?
-17205
In base 2, what is -1110000 + 111110?
-110010
In base 7, what is 1346 + -226?
1120
In base 13, what is -49 + 2663?
2617
In base 16, what is d458 - 5?
d453
In base 7, what is 0 + -3561050?
-3561050
In base 4, what is 1231 - 3?
1222
In base 8, what is 60130 + 4?
60134
In base 4, what is -13203 - -1012?
-12131
In base 6, what is -30 - -1000351?
1000321
In base 7, what is 113 + -6465?
-6352
In base 2, what is 11000000 + 11100111110001?
11101010110001
In base 10, what is -470 + 4843?
4373
In base 10, what is -393 - 107?
-500
In base 7, what is -315524 - -2?
-315522
In base 13, what is -1 - b473?
-b474
In base 4, what is -2301 + -10132?
-13033
In base 4, what is 1001133221 - 11?
1001133210
In base 9, what is -15 - 43553?
-43568
In base 9, what is -1232 + 11?
-1221
In base 16, what is -8fba + -f?
-8fc9
In base 6, what is -1 + -34315?
-34320
In base 2, what is -10000011 - -10001000010?
1110111111
In base 4, what is 101 + -13222?
-13121
In base 10, what is -20991 - -22?
-20969
In base 2, what is -10 + -1010110101001?
-1010110101011
In base 3, what is -110111102202 - -1?
-110111102201
In base 12, what is 2a8 + 147?
433
In base 5, what is 3 - 203100203?
-203100200
In base 13, what is -2 - -1290?
128b
In base 4, what is 12 + 20103312?
20103330
In base 14, what is -34ba0 - 1?
-34ba1
In base 5, what is 102101 + 12?
102113
In base 7, what is 26 - -1542562?
1542621
In base 5, what is -10042 + 211?
-4331
In base 14, what is -6199d + -4?
-619a3
In base 12, what is -b5b - -37?
-b24
In base 12, what is 5 - -541?
546
In base 12, what is -201 - -2300?
20bb
In base 8, what is 414 + -244?
150
In base 16, what is -29 + -f0a?
-f33
In base 14, what is 5 + 4649d?
464a4
In base 13, what is -1997 - 3?
-199a
In base 6, what is -20 + -10055?
-10115
In base 13, what is 3 + a307?
a30a
In base 12, what is -731 + -36?
-767
In base 4, what is 1223310130 + 3?
1223310133
In base 9, what is 1 + 150357?
150358
In base 9, what is 28080 - 31?
28048
In base 10, what is 5 - -13017?
13022
In base 7, what is 22514 + -46?
22435
In base 15, what is 10ba + 2?
10bc
In base 2, what is -10010011 - 11001001001110?
-11001011100001
In base 15, what is -3 - 1006?
-1009
In base 9, what is -16 - 20610?
-20626
In base 9, what is -3435 - -2876?
-448
In base 11, what is 305775 - -9?
305783
In base 11, what is -434 - 93?
-517
In base 16, what is -11b - -e62?
d47
In base 11, what is 20 - -5417?
5437
In base 4, what is -323 + 123313?
122330
In base 2, what is -10011010101100001 - -110?
-10011010101011011
In base 8, what is -133654 + 3?
-133651
In base 4, what is -2312003 - 3?
-2312012
In base 8, what is -1 + -54137?
-54140
In base 12, what is 0 - -219995?
219995
In base 7, what is -36 - -241426?
241360
In base 10, what is -34051 - 6?
-34057
In base 16, what is 35 - 146b?
-1436
In base 11, what is -5674 + -11?
-5685
In base 11, what is -158 + 173?
16
In base 5, what is 20 - 241221?
-241201
In base 9, what is 8 - -65687?
65706
In base 8, what is 27452412 + 0?
27452412
In base 3, what is -10221010102 + -11?
-10221010120
In base 7, what is 345 - -60413?
61061
In base 15, what is -2ed33 + -4?
-2ed37
In base 5, what is 22 - -1304?
1331
In base 6, what is -213 - 231141?
-231354
In base 9, what is 1828 - 74?
1744
In base 12, what is 761 - -137?
898
In base 14, what is 162d + -5b?
15b2
In base 7, what is -63 + 2356?
2263
In base 15, what is -788c - -33?
-7859
In base 10, what is -2 - 3625?
-3627
In base 14, what is 64c22 - -4?
64c26
In base 6, what is -513 + -220?
-1133
In base 15, what is 1ed + 3dc?
5da
In base 16, what is e - -2feef?
2fefd
In base 8, what is 14171 - -11?
14202
In base 15, what is 1 + -caea?
-cae9
In base 16, what is 5b9 + d?
5c6
In base 7, what is 11224 + -52?
11142
In base 9, what is 1156831 + -4?
1156826
In base 8, what is 4222 + -10?
4212
In base 4, what is 113130 - -1012?
120202
In base 6, what is -5310 - 113?
-5423
In base 12, what is 5 - 53637?
-53632
In base 9, what is 4 + -4823?
-4818
In base 12, what is 51 - -1b0a?
1b5b
In base 2, what is -110100 + -110110001011?
-110110111111
In base 10, what is -2 + 46117?
46115
In base 9, what is -40 + -56407?
-56447
In base 5, what is 2024 + -3041?
-1012
In base 15, what is 0 - -6376?
6376
In base 4, what is -110 + -21113?
-21223
In base 13, what is -11 + 230?
21c
In base 6, what is -2 - 1230345?
-1230351
In base 10, what is 15467 + 63?
15530
In base 15, what is -e782 + 0?
-e782
In base 9, what is 15816 + -1?
15815
In base 8, what is 2 + -1544443?
-1544441
In base 8, what is -4 - -101307?
101303
In base 16, what is -21d + -1af?
-3cc
In base 15, what is -1728 + 7?
-1721
In base 3, what is 201 + -220102020?
-220101112
In base 11, what is 0 + -9895?
-9895
In base 8, what is -66734 - 2?
-66736
In base 3, what is -22 - 10210222122?
-10210222221
In base 16, what is -15f2a8 + -2?
-15f2aa
In base 8, what is -520 + 10463?
7743
In base 6, what is -1123 - -252?
-431
In base 6, what is -243 - -43341?
43054
In base 12, what is 5 - 665a5?
-665a0
In base 16, what is -23 + -5dc?
-5ff
In base 7, what is -120103 + -22?
-120125
In base 10, what is -47 - -18483?
18436
In base 12, what is -5a - -7771?
7713
In base 6, what is -510 + 3532?
3022
In base 4, what is 0 + 101